
Is 377822 composite?
True
Is 88183 prime?
False
Is 10939 composite?
False
Is 16153 composite?
True
Is 13367 prime?
True
Is 649457 prime?
True
Is 10979 a composite number?
False
Is 7949 a prime number?
True
Is 372142 a prime number?
False
Is 16153 prime?
False
Is 1705793 prime?
False
Is 219119 composite?
False
Is 2461 a prime number?
False
Is 1734401 composite?
False
Is 21869 composite?
True
Is 419623 prime?
True
Is 5079 composite?
True
Is 15253 composite?
True
Is 14741 a prime number?
True
Is 268057 a composite number?
True
Is 26539 a composite number?
False
Is 17467 composite?
False
Is 7237 composite?
False
Is 5342 a composite number?
True
Is 748451 a composite number?
True
Is 22769 a prime number?
True
Is 242093 prime?
True
Is 174139 prime?
False
Is 24659 a composite number?
False
Is 42569 a composite number?
False
Is 407999 composite?
True
Is 16199 a composite number?
True
Is 313121 a composite number?
True
Is 44211 a prime number?
False
Is 68909 a composite number?
False
Is 870463 composite?
True
Is 1479251 prime?
True
Is 351257 a composite number?
False
Is 292403 prime?
False
Is 264181 a composite number?
True
Is 3697 a prime number?
True
Is 102701 a composite number?
False
Is 1005351 composite?
True
Is 1009 a prime number?
True
Is 54059 composite?
False
Is 5207 a prime number?
False
Is 2933 a prime number?
False
Is 134635 composite?
True
Is 2537021 prime?
True
Is 4541591 a composite number?
False
Is 20621 a prime number?
False
Is 104267 composite?
True
Is 991409 a prime number?
True
Is 5714 prime?
False
Is 7249 a composite number?
True
Is 10343 a prime number?
True
Is 10581 a composite number?
True
Is 127283 a prime number?
False
Is 2180251 prime?
True
Is 96493 a prime number?
True
Is 68041 composite?
False
Is 138389 composite?
False
Is 259339 a composite number?
False
Is 27733 prime?
True
Is 48227 prime?
False
Is 1903 a prime number?
False
Is 4747 a composite number?
True
Is 84521 composite?
False
Is 19841 composite?
False
Is 58659 prime?
False
Is 5227 composite?
False
Is 5729 composite?
True
Is 76595 a prime number?
False
Is 11917 a composite number?
True
Is 961133 prime?
True
Is 23977 a composite number?
False
Is 28669 a prime number?
True
Is 9974 a prime number?
False
Is 230083 prime?
False
Is 791927 composite?
False
Is 6227 prime?
False
Is 28831 a prime number?
False
Is 306913 a composite number?
False
Is 1847 a prime number?
True
Is 189743 a composite number?
False
Is 685 prime?
False
Is 397709 prime?
False
Is 250433 composite?
False
Is 65371 a composite number?
False
Is 2921 a prime number?
False
Is 2531 composite?
False
Is 7411 a composite number?
False
Is 10646 composite?
True
Is 12661 a composite number?
True
Is 2033309 composite?
False
Is 12946 composite?
True
Is 17569 composite?
False
Is 1241 a prime number?
False
Is 1361 a prime number?
True
Is 69313 a prime number?
True
Is 377029 a composite number?
True
Is 99079 prime?
True
Is 10487 a prime number?
True
Is 3898 composite?
True
Is 58831 a composite number?
False
Is 824167 a composite number?
True
Is 101801 prime?
False
Is 150107 a prime number?
True
Is 14461 a prime number?
True
Is 70297 a prime number?
True
Is 129169 prime?
True
Is 57191 a prime number?
True
Is 1521803 composite?
False
Is 113929 composite?
True
Is 14341 a composite number?
False
Is 6937 a prime number?
False
Is 20733 prime?
False
Is 379893 a prime number?
False
Is 794594 prime?
False
Is 11215 a composite number?
True
Is 15359 prime?
True
Is 12295 a composite number?
True
Is 1649 prime?
False
Is 223 a prime number?
True
Is 1823771 a prime number?
True
Is 284551 composite?
False
Is 56611 prime?
True
Is 821207 composite?
False
Is 25663 a composite number?
True
Is 34123 a composite number?
False
Is 70481 a composite number?
False
Is 1286389 prime?
False
Is 183281 a composite number?
True
Is 1727 prime?
False
Is 6189 composite?
True
Is 21143 a composite number?
False
Is 129358 composite?
True
Is 49097 a composite number?
True
Is 15109 composite?
True
Is 524131 prime?
False
Is 2329 composite?
True
Is 163243 prime?
True
Is 51257 prime?
True
Is 11273 a prime number?
True
Is 44351 a prime number?
True
Is 362059 prime?
True
Is 79393 prime?
True
Is 184507 prime?
False
Is 72211 a composite number?
False
Is 70859 a prime number?
False
Is 155357 composite?
True
Is 233939 a prime number?
True
Is 1031 a composite number?
False
Is 3589 a composite number?
True
Is 272737 composite?
False
Is 11969 prime?
True
Is 76223 a prime number?
False
Is 234571 prime?
True
Is 98297 a prime number?
True
Is 9643 a composite number?
False
Is 2819 composite?
False
Is 607987 a prime number?
False
Is 403603 prime?
True
Is 117958 prime?
False
Is 23185 a prime number?
False
Is 1709 a composite number?
False
Is 41383 prime?
False
Is 45511 a composite number?
True
Is 19739 prime?
True
Is 93701 prime?
True
Is 67699 a composite number?
False
Is 33809 prime?
True
Is 259661 composite?
True
Is 2899 a prime number?
False
Is 51131 a prime number?
True
Is 214759 composite?
False
Is 3224023 prime?
False
Is 32117 a prime number?
True
Is 41119 a prime number?
False
Is 81013 prime?
True
Is 23559 composite?
True
Is 2317 prime?
False
Is 7509 prime?
False
Is 184099 prime?
False
Is 26171 composite?
False
Is 9589 a composite number?
True
Is 339947 composite?
True
Is 1438 a composite number?
True
Is 3830207 prime?
True
Is 231523 a prime number?
False
Is 3601 a composite number?
True
Is 4580879 a prime number?
True
Is 467499 composite?
True
Is 7853 prime?
True
Is 20849 prime?
True
Is 506827 prime?
False
Is 269503 a prime number?
False
Is 91187 prime?
False
Is 2149 composite?
True
Is 144611 composite?
False
Is 129386 composite?
True
Is 3787 a composite number?
True
Is 104773 prime?
True
Is 10555 a composite number?
True
Is 49 a prime number?
False
Is 18398 prime?
False
Is 535531 a prime number?
False
Is 22759 a prime number?
False
Is 48187 a composite number?
False
Is 1067 prime?
False
Is 18943 composite?
True
Is 3019603 prime?
True
Is 35617 prime?
True
Is 16183 a prime number?
True
Is 62957 a composite number?
True
Is 497597 composite?
False
Is 121763 a composite number?
False
Is 6481 composite?
False
Is 1016399 composite?
False
Is 31303 a composite number?
True
Is 288217 a prime number?
False
Is 4946 prime?
False
Is 144883 a prime number?
True
Is 310049 a prime number?
True
Is 757103 a prime number?
False
Is 833659 a composite number?
False
Is 417839 a composite number?
False
Is 29473 a composite number?
False
Is 1342121 composite?
True
Is 161131 prime?
False
Is 187877 a composite number?
False
Is 38189 a prime number?
True
Is 17753 prime?
False
Is 8861 composite?
False
Is 1268899 composite?
False
Is 471467 composite?
False
Is 1771087 a prime number?
True
Is 204665 composite?
True
Is 7993 prime?
True
Is 113209 prime?
True
Is 2815 composite?
True
Is 12197 a prime number?
True
Is 53549 a prime number?
True
Is 18397 a prime number?
True
Is 2581 composite?
True
Is 2316697 a composite number?
False
Is 9527 composite?
True
Is 15877 composite?
False
Is 2419 a prime number?
False
Is 26479 a prime number?
True
Is 868993 a composite number?
False
Is 142843 composite?
True
Is 111307 prime?
False
Is 17513 a composite number?
True
Is 50327 prime?
False
Is 7151 prime?
True
Is 631 prime?
True
Is 28293 a prime number?
False
Is 15991 composite?
False
Is 1568341 prime?
True
Is 95521 a prime number?
False
Is 278 composite?
True
Is 51101 a composite number?
True
Is 674306 a prime number?
False
Is 28043 a composite number?
True
Is 1943 prime?
False
Is 416269 a composite number?
True
Is 42583 prime?
False
Is 11279 a prime number?
True
Is 64213 prime?
False
Is 616829 a composite number?
False
Is 4391 prime?
True
Is 13577 a prime number?
True
Is 3049 a composite number?
False
Is 392527 prime?
False
Is 590093 a composite number?
True
Is 799 prime?
False
Is 6247 a prime number?
True
Is 24221 a composite number?
True
Is 94181 a composite number?
True
Is 213823 prime?
False
Is 18478 prime?
False
Is 61193 a prime number?
False
Is 485 prime?
False
Is 75947 prime?
False
Is 19121 a prime number?
True
Is 829385 a prime number?
False
Is 22229 a composite number?
False
Is 144517 prime?
False
Is 370661 composite?
False
Is 25301 a composite number?
False
Is 74023 composite?
True
Is 336055 a com